**2 - 17*x - 13. Let c(a) = 2*g(a) - t(a). What is c(-8)?
3
Let v(x) = -121*x**2 - 11*x - 6. Let t(y) = 202*y**2 + 20*y + 13. Let o(r) = 3*t(r) + 5*v(r). Calculate o(-3).
3
Suppose -181*b - 72 = -409*b + 210*b. Let g(q) be the first derivative of q**3/3 + 2*q**2 - 4*q + 5. What is g(b)?
28
Let w = -5853 - -5852. Let y(f) = 3*f**3 + 10*f**2 + 11*f + 2. Give y(w).
-2
Let m = -28 + 122. Suppose 0 = 3*y - 4*y + 5*z + 29, m = 4*y + 2*z. Let o(r) = -y*r + 4 + 25*r - 1. Determine o(-3).
0
Let s be 1560/(-87) - (-124)/(-1798). Let j(r) = 2*r**3 + 35*r**2 - 21*r - 44. Calculate j(s).
10
Let q be (-1750)/(-168) + 4/(-2) + -8. Let n(l) be the second derivative of q*l**4 - l**3 + 23*l + 0*l**2 - 1/20*l**5 + 0. Determine n(4).
-8
Let g(w) = -w**2 + 18*w - 11. Let c(u) = -8*u**3 - 104*u**2 + 4*u + 70. Let d be c(-13). Calculate g(d).
-11
Let a(d) = d**2 - 37*d + 71. Let j(h) = -2*h**2 + 53*h - 72. Let t(i) = 3*a(i) + 2*j(i). Determine t(-11).
3
Let h(k) = 7*k**2 - 4*k - 14. Let d(r) = 4*r**2 - 2*r - 7. Let z(g) = 5*d(g) - 3*h(g). Suppose -13*o + 7*o + 12 = 0. Suppose 0 = -t - o*t + 15. Determine z(t).
-8
Suppose -7*i - 95 = -109. Let f(q) = -5*q + 137*q**2 + 8*q - 134*q**i - 4. Determine f(-3).
14
Let f(d) = -7*d**3 - 61*d + 68*d - 17*d**2 + 3*d**3 - 21. Let b(k) = 6*k**3 + 26*k**2 - 11*k + 31. Let a(y) = 5*b(y) + 7*f(y). Give a(-6).
8
Let q(w) = 11*w + 173*w**3 + 8*w**2 + 5 - 6*w**2 - 174*w**3 - 14*w**2. Give q(-13).
31
Let u(r) be the first derivative of -1/3*r**3 + 9 + r**2 - 4*r. Let h = 185 - 180. Calculate u(h).
-19
Let s be 2584/104 + (-2)/(-13) - -3. Suppose -6*a + s - 10 = 0. Let x(d) = -d**2 + 3*d + 1. Give x(a).
1
Let s(y) = -7*y - 1. Let b(i) = -2*i**2 + 22*i - 5. Let c be b(9). Suppose 0 = -2*r - 11 + c. Suppose -r*h + 14*h = -2*o - 2, 17 = -4*h + 3*o. Calculate s(h).
13
Suppose -456 = 17*n - 592. Let k(v) = -v**3 + 8*v**2 - 2*v + 10. Calculate k(n).
-6
Let u(p) = -20*p**2 - 3*p + 1. Let x(r) = -59*r**2 - 2*r - 25. Let a(f) = 3*u(f) - x(f). Determine a(-5).
38
Let q be (2/(-4))/((-5)/30). Suppose 80 = -4*j - q*c, 5*j + 4*c + 53 = -47. Let o = j - -20. Let h(m) = -m**3 + m - 6. What is h(o)?
-6
Let j(i) = 4*i**2 - 2*i + 3. Let h(d) = d - 14. Let w be h(8). Let k be (-7)/14 + 3/w. Let m = k - -4. Determine j(m).
33
Let m(a) = -a - 3. Let v(x) = x + 4. Let o(i) = -2*m(i) - 3*v(i). Suppose 137792*d + 200 = 137772*d. Calculate o(d).
4
Let t(q) = -q**3 + 4*q**2 + 5. Let i(r) = -r. Let d(u) = 2*i(u) - t(u). Let s be (4*(-161)/56 - -10)/(6/(-20)). Determine d(s).
10
Suppose -10*d = -d - 18. Let w(l) = -7184 - d*l + 7184. Determine w(1).
-2
Let g(r) be the second derivative of -r**4/4 + 31*r**3/6 + 9*r**2/2 - 11697*r. Give g(9).
45
Let g(u) be the third derivative of 1/3*u**3 + 0*u - 1/60*u**5 + 0 + 1/6*u**4 - 9*u**2. What is g(4)?
2
Let h be 1274/294 + 1/(-3). Let o(f) = -h*f - 9*f - 9*f - 13 - f**3 + 34*f - 5*f**2. Determine o(-7).
1
Let r(z) = -25*z**2 + 2*z + 3. Suppose -3*p - 15 = 4*q, -2*p = -4*q + 7*q + 11. Calculate r(p).
-24
Let b = 110 - 21. Let p(q) = b - 79 + 47 - 4*q. Let r be p(16). Let g(m) = m**2 + 8*m + 10. Determine g(r).
3
Let z(n) = -n**2 + 20*n + 7. Let a(q) = 6*q**3 - 30*q**2 + 17*q - 63. Let x be a(5). What is z(x)?
-37
Let f(l) = -9*l - 5*l + 0*l + 16 + l**2 + 16 + 15. What is f(5)?
2
Let o(f) = 2*f**2 + 21*f + 25. Let j(u) = -226*u**2 + 2030*u + 28. Let a be j(9). What is o(a)?
-15
Let r(h) = -h + 10. Suppose 259*y - 261*y = -c - 32, -2*c + 36 = y. Determine r(y).
-10
Let c be (-6)/(-3) + -141 + (2 - -3). Let x = c + 138. Let p(j) = 4*j + 3. Give p(x).
19
Let r(j) = 9*j + 199. Suppose -349 - 172 + 147 = 17*m. What is r(m)?
1
Let y(m) = -9*m**2 + 2*m + 6. Let n(t) = 5*t**2 - t - 3. Let d(w) = 11*n(w) + 6*y(w). Let g = -38778 - -38778. Give d(g).
3
Let a be (-6)/(-4)*(-4)/(-6). Let b(h) be the first derivative of 7*h**2/2 + h - 4778. What is b(a)?
8
Suppose 0 = -3*a + 1 + 2. Let f(x) be the second derivative of 1/3*x**3 + 7/12*x**4 + 1 - 26*x - 1/2*x**2. What is f(a)?
8
Let i(z) = -8*z + 33. Suppose -n + 4 = -p, 15*p = -n + 12*p + 4. Let o(r) = r**2 - 12*r + 36. Let k be o(n). Determine i(k).
1
Let k = 14 - 21. Let j(x) = -13*x - 39. Let b(a) = -1. Let w(p) = -3*b(p) + j(p). Let f(d) = 3*d + 9. Let u(s) = -9*f(s) - 2*w(s). Determine u(k).
-2
Suppose 2*z + 5*z = 189. Let a = z + -21. Let s(r) = r**2 - a - 3*r + 9*r - 7*r. What is s(5)?
14
Let d(v) = v**2 + 6*v - 6. Suppose -5*q + 6 - 3 = 4*h, h + 5*q - 12 = 0. Let l be h/(-5) + -2*42/(-60). Let t be l/15 - 920/150. Calculate d(t).
-6
Let o(r) = 6*r - 123. Suppose 48 = -8*q, -26*h + 21*h = -3*q - 133. Give o(h).
15
Let d = -52 + 50. Let s be 4 + 72/(-14) + d/(-14). Let j(f) = -5*f**3 - f**2 - 25*f**3 - 92 + 189 - 97. Give j(s).
29
Let i(j) = -5*j**2 - 5 + 6*j + 4 + 3*j**2 - 6 - 4*j**2. What is i(1)?
-7
Let w(d) = -d**2 - 13*d - 5. Let z(m) = -14*m**2 + 22*m + 3. Let a = 272 + -270. Let f be z(a). Give w(f).
31
Let d be (-3)/((-9)/192) + (1 - -1). Let x(u) = d*u - 32*u + 4 - 33*u. Suppose -3*s - 2*s = 0. Calculate x(s).
4
Let v(w) = -2*w**2 + 15*w - 2. Suppose u + 2*x = -893, 0 = -0*u - 2*u + x - 1811. Let c = u + 910. What is v(c)?
5
Let y(o) = 6*o + 3. Let d be ((-50)/50 + (-6)/1)*1. Determine y(d).
-39
Let q(t) be the first derivative of -t**4/4 - t**3/3 - 5*t - 805. Determine q(0).
-5
Suppose -76*x + 127 = 279. Let v(p) = -p**2 + 2*p - 4. Let f(t) = -2*t**2 + 4*t - 7. Let o(r) = -3*f(r) + 5*v(r). What is o(x)?
9
Let t = 197 + -206. Let n be -4*t/36*3. Let o(g) = -2*g + 1. Give o(n).
-5
Let p(w) = 3*w + 42. Let y(m) be the second derivative of -m**3/3 - 12*m**2 - 119*m + 1. Let j(x) = -3*p(x) - 5*y(x). What is j(11)?
5
Let t(l) = 5*l + 4. Suppose -4*s = -14*s + 160. Let h be -5*2/(-5)*2. Suppose -3*q = -2*q + 3*k + s, -h*q - 32 = 4*k. What is t(q)?
-16
Let a(b) = -8*b**2 - 5*b - 4. Let z(s) = 5*s + 2 - s**2 + 8*s**2 + 2. Let w(p) = 5*a(p) + 6*z(p). Suppose -2*j - 8 = -5*o, -5*j - 16 - 4 = -5*o. Determine w(j).
16
Let i(l) = 28*l + 28. Let z(r) be the first derivative of r**2 + 2*r - 75. Let p(g) = i(g) - 12*z(g). Calculate p(7).
32
Suppose -91*n + 76*n = -345. Let t(z) = -100*z + n*z + 26*z + 26*z - 4 + 26*z. Calculate t(0).
-4
Let s = -49 + 28. Let r be (-72)/s - (-8)/14. Let t(z) = 2*z - 3*z + r*z + 3 - 4*z. Calculate t(9).
-6
Suppose -111 = -3*f + 45. Suppose 4*y - f = 4*a, 5*y = -4*a + 3*a + 71. Suppose y*b = 13*b - 6. Let w(i) = -3*i - 8. Give w(b).
10
Let v(p) = 29*p**2 - 32*p + 15. Let i(j) = -35*j**2 + 38*j - 15. Let y(g) = 5*i(g) + 6*v(g). Calculate y(11).
-128
Let p(n) = 6*n - 42. Let a be p(7). Let g(v) = -20*v + 2. Let b be g(a). Let x(d) = -d**3 + d**2 - 3*d + 2. Calculate x(b).
-8
Let o(p) = 277*p + 835. Let d be o(-3). Let r(l) = -l - 50. Give r(d).
-54
Let f(v) be the first derivative of 1/4*v**4 + 4*v - v**2 - 5/3*v**3 + 97. Let l(q) = q**3 + 3*q**2 - q - 1. Let n be l(-2). Determine f(n).
-6
Let w(o) = o**2 - 4. Let f be w(-2). Let v be (21 - f) + (-3 - 0). Suppose 5*k - v = 2. Let a(j) = -5*j + 3. Determine a(k).
-17
Let v(b) = 25*b - 209. Suppose -5*o = -4*k - 77, 3*k + 1234 = -o + 1219. Give v(o).
16
Let u(m) be the third derivative of -m**5/20 + 3*m**4/4 + 4*m**3/3 - 228*m**2 - 9*m - 1. What is u(6)?
8
Let f(n) = 21*n - 100. Let v be f(4). Let r be 1/(((-92)/v - 5)/(-3)). Let o(c) = c**2 + 4*c + 5. Determine o(r).
5
Let x be (2 - 3/2)*-4. Let b(v) = -2*v**2 + 143*v + 149*v + 0 - 1 + 148*v - 443*v. Give b(x).
-3
Let u = 3352 + -3352. Let k(g) = 3*g**2 - g - 2. Give k(u).
-2
Suppose 0 = n + 84 - 345. Let p = 268 - n. Let m(y) = -3*y + 3. Let a(q) = 2*q - 2. Let l(u) = -8*a(u) - 5*m(u). Determine l(p).
-6
Suppose 0 = -4*x + 8*x - 24. Let k be 4 + (13 - 1) - 3. Let m(t) = k + t**2 - 6 - 225*t + 218*t. Determine m(x).
1
Let w = -6953 + 6954. Let y(a) = 10*a**2 + 1. Determine y(w).
11
Let m(k) be the second derivative of -k**6/360 - k**5/60 + k**4/12 + 25*k**3/6 + k + 6. Let x(c) be the second derivative of m(c). What is x(2)?
-6
Let f = -666 - -659. Let q be 5 + 10 + f + 2 - 6. Let u(i) = -5*i + 18. What is u(q)?
-2
Suppose -190 = -5*g - 21*p + 18*p, 4*g - p - 135 = 0. Suppose 0 = 16*h - 77 - g. Let z(o) = 5*o - 13. What is z(h)?
22
Let v(j) = -2*j**2 - 34*j. Let w be v(-17). Suppose -11*a = -0 - 22. Let l(i) = -i**3 - i**a + 3 - 2*i + 13*i - 10*i. What is l(